{"id":77,"date":"2025-10-29T15:53:22","date_gmt":"2025-10-29T14:53:22","guid":{"rendered":"https:\/\/www.chanvrel.com\/?page_id=77"},"modified":"2025-12-04T17:49:42","modified_gmt":"2025-12-04T16:49:42","slug":"historique","status":"publish","type":"page","link":"https:\/\/www.chanvrel.com\/index.php\/historique\/","title":{"rendered":"Historique"},"content":{"rendered":"\t\t<div data-elementor-type=\"wp-page\" data-elementor-id=\"77\" class=\"elementor elementor-77\">\n\t\t\t\t<div class=\"elementor-element elementor-element-1cf215ae e-flex e-con-boxed e-con e-parent\" data-id=\"1cf215ae\" data-element_type=\"container\" data-e-type=\"container\">\n\t\t\t\t\t<div class=\"e-con-inner\">\n\t\t\t\t<div class=\"elementor-element elementor-element-12d607ee elementor-widget elementor-widget-text-editor\" data-id=\"12d607ee\" data-element_type=\"widget\" data-e-type=\"widget\" data-widget_type=\"text-editor.default\">\n\t\t\t\t\t\t\t\t\t<p>En hiver 2015, Denis cr\u00e9ait le premier sac, le mod\u00e8le Eden, comme id\u00e9e et cadeau.<\/p>\n<figure id=\"attachment_91\" aria-describedby=\"caption-attachment-91\" style=\"width: 225px\" class=\"wp-caption alignnone\"><img fetchpriority=\"high\" decoding=\"async\" class=\"wp-image-91 size-medium\" src=\"https:\/\/www.chanvrel.com\/wp-content\/uploads\/2025\/11\/sac-seven-cabas-chanvre-cuir-femme-artisanat-francais-pratique-chic-boheme-6-225x300.jpg\" alt=\"Sac Seven marron\" width=\"225\" height=\"300\" srcset=\"https:\/\/www.chanvrel.com\/wp-content\/uploads\/2025\/11\/sac-seven-cabas-chanvre-cuir-femme-artisanat-francais-pratique-chic-boheme-6-225x300.jpg 225w, https:\/\/www.chanvrel.com\/wp-content\/uploads\/2025\/11\/sac-seven-cabas-chanvre-cuir-femme-artisanat-francais-pratique-chic-boheme-6-768x1024.jpg 768w, https:\/\/www.chanvrel.com\/wp-content\/uploads\/2025\/11\/sac-seven-cabas-chanvre-cuir-femme-artisanat-francais-pratique-chic-boheme-6-1152x1536.jpg 1152w, https:\/\/www.chanvrel.com\/wp-content\/uploads\/2025\/11\/sac-seven-cabas-chanvre-cuir-femme-artisanat-francais-pratique-chic-boheme-6-1536x2048.jpg 1536w, https:\/\/www.chanvrel.com\/wp-content\/uploads\/2025\/11\/sac-seven-cabas-chanvre-cuir-femme-artisanat-francais-pratique-chic-boheme-6-416x555.jpg 416w, https:\/\/www.chanvrel.com\/wp-content\/uploads\/2025\/11\/sac-seven-cabas-chanvre-cuir-femme-artisanat-francais-pratique-chic-boheme-6-scaled.jpg 1920w\" sizes=\"(max-width: 225px) 100vw, 225px\" \/><figcaption id=\"caption-attachment-91\" class=\"wp-caption-text\">Sac Eden 1ere \u00e9dition<\/figcaption><\/figure>\n<p>D\u2019abord centre de tourisme \u00e9questre dans le Morvan, les sacs et accessoires prennent vie<img decoding=\"async\" class=\"size-medium wp-image-114 alignright\" src=\"https:\/\/www.chanvrel.com\/wp-content\/uploads\/2025\/12\/IMG_20190308_175625_1000x750-300x225.jpg\" alt=\"Atelier grange\" width=\"300\" height=\"225\" srcset=\"https:\/\/www.chanvrel.com\/wp-content\/uploads\/2025\/12\/IMG_20190308_175625_1000x750-300x225.jpg 300w, https:\/\/www.chanvrel.com\/wp-content\/uploads\/2025\/12\/IMG_20190308_175625_1000x750-768x576.jpg 768w, https:\/\/www.chanvrel.com\/wp-content\/uploads\/2025\/12\/IMG_20190308_175625_1000x750-416x312.jpg 416w, https:\/\/www.chanvrel.com\/wp-content\/uploads\/2025\/12\/IMG_20190308_175625_1000x750.jpg 1000w\" sizes=\"(max-width: 300px) 100vw, 300px\" \/> dans le petit atelier am\u00e9nag\u00e9 dans une grange o\u00f9 touristes et cavaliers pouvaient observer le travail du cuir.\u00a0Anecdote, la plupart des sacs portent le nom des chevaux du centre\u00a0\u00e9questre.<img decoding=\"async\" class=\"alignnone size-medium wp-image-113\" src=\"https:\/\/www.chanvrel.com\/wp-content\/uploads\/2025\/12\/IMG_20181108_203104-300x225.jpg\" alt=\"Atelier grange\" width=\"300\" height=\"225\" srcset=\"https:\/\/www.chanvrel.com\/wp-content\/uploads\/2025\/12\/IMG_20181108_203104-300x225.jpg 300w, https:\/\/www.chanvrel.com\/wp-content\/uploads\/2025\/12\/IMG_20181108_203104-1024x768.jpg 1024w, https:\/\/www.chanvrel.com\/wp-content\/uploads\/2025\/12\/IMG_20181108_203104-768x576.jpg 768w, https:\/\/www.chanvrel.com\/wp-content\/uploads\/2025\/12\/IMG_20181108_203104-1536x1152.jpg 1536w, https:\/\/www.chanvrel.com\/wp-content\/uploads\/2025\/12\/IMG_20181108_203104-2048x1536.jpg 2048w, https:\/\/www.chanvrel.com\/wp-content\/uploads\/2025\/12\/IMG_20181108_203104-416x312.jpg 416w\" sizes=\"(max-width: 300px) 100vw, 300px\" \/><\/p>\n<p>\u00a0<\/p>\n<p><!-- \/wp:paragraph --><!-- wp:paragraph --><\/p>\n<p><!-- \/wp:paragraph --><!-- wp:paragraph --><\/p>\n<p>En 2019, Emilie et Denis d\u00e9cide de se lancer et cr\u00e9er CHANVREL. Courant octobre, <img loading=\"lazy\" decoding=\"async\" class=\"alignright wp-image-127 size-medium\" src=\"https:\/\/www.chanvrel.com\/wp-content\/uploads\/2025\/12\/Denis-et-Emilie-Magasin-300x200.jpg\" alt=\"Denis et Emilie magasin\" width=\"300\" height=\"200\" srcset=\"https:\/\/www.chanvrel.com\/wp-content\/uploads\/2025\/12\/Denis-et-Emilie-Magasin-300x200.jpg 300w, https:\/\/www.chanvrel.com\/wp-content\/uploads\/2025\/12\/Denis-et-Emilie-Magasin-1024x683.jpg 1024w, https:\/\/www.chanvrel.com\/wp-content\/uploads\/2025\/12\/Denis-et-Emilie-Magasin-768x512.jpg 768w, https:\/\/www.chanvrel.com\/wp-content\/uploads\/2025\/12\/Denis-et-Emilie-Magasin-1536x1024.jpg 1536w, https:\/\/www.chanvrel.com\/wp-content\/uploads\/2025\/12\/Denis-et-Emilie-Magasin-416x277.jpg 416w, https:\/\/www.chanvrel.com\/wp-content\/uploads\/2025\/12\/Denis-et-Emilie-Magasin.jpg 2048w\" sizes=\"(max-width: 300px) 100vw, 300px\" \/> installation dans la rue pi\u00e9tonne du centre-ville d\u2019Autun, avec notre concept : Magasin et Atelier tout en un. Au fur et \u00e0 mesure nous travaillons et faisons \u00e9voluer les mod\u00e8les.<\/p>\n<p>\u00a0<\/p>\n<p>\u00a0<\/p>\n<p>\u00a0<\/p>\n<p>En 2026 retour aux sources, Denis reprend la fabrication de sacs \u00e0 petite \u00e9chelle dans un atelier et les sacs seront vendus exclusivement sur le site internet et en boutique \u00e9ph\u00e9m\u00e8re occasionnellement.\u00a0<\/p>\n<p><img loading=\"lazy\" decoding=\"async\" class=\"alignnone size-medium wp-image-155\" src=\"https:\/\/www.chanvrel.com\/wp-content\/uploads\/2025\/12\/Denis-Atelier-231x300.jpg\" alt=\"Denis atelier\" width=\"231\" height=\"300\" srcset=\"https:\/\/www.chanvrel.com\/wp-content\/uploads\/2025\/12\/Denis-Atelier-231x300.jpg 231w, https:\/\/www.chanvrel.com\/wp-content\/uploads\/2025\/12\/Denis-Atelier-416x540.jpg 416w, https:\/\/www.chanvrel.com\/wp-content\/uploads\/2025\/12\/Denis-Atelier.jpg 470w\" sizes=\"(max-width: 231px) 100vw, 231px\" \/><\/p>\n<p><!-- \/wp:paragraph --><!-- wp:paragraph --><\/p>\n<p><!-- \/wp:paragraph --><!-- wp:paragraph --><\/p>\n<p><!-- \/wp:paragraph --><\/p>\t\t\t\t\t\t\t\t<\/div>\n\t\t\t\t\t<\/div>\n\t\t\t\t<\/div>\n\t\t\t\t<\/div>\n\t\t","protected":false},"excerpt":{"rendered":"<p>En hiver 2015, Denis cr\u00e9ait le premier sac, le mod\u00e8le Eden, comme id\u00e9e et cadeau. D\u2019abord centre de tourisme \u00e9questre dans le Morvan, les sacs et accessoires prennent vie dans le petit atelier am\u00e9nag\u00e9 dans une grange o\u00f9 touristes et cavaliers pouvaient observer le travail du cuir.\u00a0Anecdote, la plupart des sacs portent le nom des [&hellip;]<\/p>\n","protected":false},"author":1,"featured_media":0,"parent":0,"menu_order":0,"comment_status":"closed","ping_status":"closed","template":"","meta":{"footnotes":""},"class_list":["post-77","page","type-page","status-publish","hentry"],"yoast_head":"<!-- This site is optimized with the Yoast SEO plugin v27.3 - https:\/\/yoast.com\/product\/yoast-seo-wordpress\/ -->\n<title>Historique - Chanvrel<\/title>\n<meta name=\"description\" content=\"Historique de chanvrel depuis sa cr\u00e9ation\" \/>\n<meta name=\"robots\" content=\"index, follow, max-snippet:-1, max-image-preview:large, max-video-preview:-1\" \/>\n<link rel=\"canonical\" href=\"https:\/\/www.chanvrel.com\/index.php\/historique\/\" \/>\n<meta property=\"og:locale\" content=\"fr_FR\" \/>\n<meta property=\"og:type\" content=\"article\" \/>\n<meta property=\"og:title\" content=\"Historique - Chanvrel\" \/>\n<meta property=\"og:description\" content=\"Historique de chanvrel depuis sa cr\u00e9ation\" \/>\n<meta property=\"og:url\" content=\"https:\/\/www.chanvrel.com\/index.php\/historique\/\" \/>\n<meta property=\"og:site_name\" content=\"Chanvrel\" \/>\n<meta property=\"article:modified_time\" content=\"2025-12-04T16:49:42+00:00\" \/>\n<meta property=\"og:image\" content=\"http:\/\/www.chanvrel.com\/wp-content\/uploads\/2025\/11\/sac-seven-cabas-chanvre-cuir-femme-artisanat-francais-pratique-chic-boheme-6-225x300.jpg\" \/>\n<meta name=\"twitter:card\" content=\"summary_large_image\" \/>\n<meta name=\"twitter:label1\" content=\"Dur\u00e9e de lecture estim\u00e9e\" \/>\n\t<meta name=\"twitter:data1\" content=\"2 minutes\" \/>\n<script type=\"application\/ld+json\" class=\"yoast-schema-graph\">{\"@context\":\"https:\\\/\\\/schema.org\",\"@graph\":[{\"@type\":\"WebPage\",\"@id\":\"https:\\\/\\\/www.chanvrel.com\\\/index.php\\\/historique\\\/\",\"url\":\"https:\\\/\\\/www.chanvrel.com\\\/index.php\\\/historique\\\/\",\"name\":\"Historique - Chanvrel\",\"isPartOf\":{\"@id\":\"https:\\\/\\\/www.chanvrel.com\\\/#website\"},\"primaryImageOfPage\":{\"@id\":\"https:\\\/\\\/www.chanvrel.com\\\/index.php\\\/historique\\\/#primaryimage\"},\"image\":{\"@id\":\"https:\\\/\\\/www.chanvrel.com\\\/index.php\\\/historique\\\/#primaryimage\"},\"thumbnailUrl\":\"http:\\\/\\\/www.chanvrel.com\\\/wp-content\\\/uploads\\\/2025\\\/11\\\/sac-seven-cabas-chanvre-cuir-femme-artisanat-francais-pratique-chic-boheme-6-225x300.jpg\",\"datePublished\":\"2025-10-29T14:53:22+00:00\",\"dateModified\":\"2025-12-04T16:49:42+00:00\",\"description\":\"Historique de chanvrel depuis sa cr\u00e9ation\",\"breadcrumb\":{\"@id\":\"https:\\\/\\\/www.chanvrel.com\\\/index.php\\\/historique\\\/#breadcrumb\"},\"inLanguage\":\"fr-FR\",\"potentialAction\":[{\"@type\":\"ReadAction\",\"target\":[\"https:\\\/\\\/www.chanvrel.com\\\/index.php\\\/historique\\\/\"]}]},{\"@type\":\"ImageObject\",\"inLanguage\":\"fr-FR\",\"@id\":\"https:\\\/\\\/www.chanvrel.com\\\/index.php\\\/historique\\\/#primaryimage\",\"url\":\"https:\\\/\\\/www.chanvrel.com\\\/wp-content\\\/uploads\\\/2025\\\/11\\\/sac-seven-cabas-chanvre-cuir-femme-artisanat-francais-pratique-chic-boheme-6-scaled.jpg\",\"contentUrl\":\"https:\\\/\\\/www.chanvrel.com\\\/wp-content\\\/uploads\\\/2025\\\/11\\\/sac-seven-cabas-chanvre-cuir-femme-artisanat-francais-pratique-chic-boheme-6-scaled.jpg\",\"width\":1920,\"height\":2560,\"caption\":\"Sac Seven marron\"},{\"@type\":\"BreadcrumbList\",\"@id\":\"https:\\\/\\\/www.chanvrel.com\\\/index.php\\\/historique\\\/#breadcrumb\",\"itemListElement\":[{\"@type\":\"ListItem\",\"position\":1,\"name\":\"Accueil\",\"item\":\"https:\\\/\\\/www.chanvrel.com\\\/\"},{\"@type\":\"ListItem\",\"position\":2,\"name\":\"Historique\"}]},{\"@type\":\"WebSite\",\"@id\":\"https:\\\/\\\/www.chanvrel.com\\\/#website\",\"url\":\"https:\\\/\\\/www.chanvrel.com\\\/\",\"name\":\"Chanvrel\",\"description\":\"Chanvrel le chanvre et le cuir\",\"potentialAction\":[{\"@type\":\"SearchAction\",\"target\":{\"@type\":\"EntryPoint\",\"urlTemplate\":\"https:\\\/\\\/www.chanvrel.com\\\/?s={search_term_string}\"},\"query-input\":{\"@type\":\"PropertyValueSpecification\",\"valueRequired\":true,\"valueName\":\"search_term_string\"}}],\"inLanguage\":\"fr-FR\"}]}<\/script>\n<!-- \/ Yoast SEO plugin. -->","yoast_head_json":{"title":"Historique - Chanvrel","description":"Historique de chanvrel depuis sa cr\u00e9ation","robots":{"index":"index","follow":"follow","max-snippet":"max-snippet:-1","max-image-preview":"max-image-preview:large","max-video-preview":"max-video-preview:-1"},"canonical":"https:\/\/www.chanvrel.com\/index.php\/historique\/","og_locale":"fr_FR","og_type":"article","og_title":"Historique - Chanvrel","og_description":"Historique de chanvrel depuis sa cr\u00e9ation","og_url":"https:\/\/www.chanvrel.com\/index.php\/historique\/","og_site_name":"Chanvrel","article_modified_time":"2025-12-04T16:49:42+00:00","og_image":[{"url":"http:\/\/www.chanvrel.com\/wp-content\/uploads\/2025\/11\/sac-seven-cabas-chanvre-cuir-femme-artisanat-francais-pratique-chic-boheme-6-225x300.jpg","type":"","width":"","height":""}],"twitter_card":"summary_large_image","twitter_misc":{"Dur\u00e9e de lecture estim\u00e9e":"2 minutes"},"schema":{"@context":"https:\/\/schema.org","@graph":[{"@type":"WebPage","@id":"https:\/\/www.chanvrel.com\/index.php\/historique\/","url":"https:\/\/www.chanvrel.com\/index.php\/historique\/","name":"Historique - Chanvrel","isPartOf":{"@id":"https:\/\/www.chanvrel.com\/#website"},"primaryImageOfPage":{"@id":"https:\/\/www.chanvrel.com\/index.php\/historique\/#primaryimage"},"image":{"@id":"https:\/\/www.chanvrel.com\/index.php\/historique\/#primaryimage"},"thumbnailUrl":"http:\/\/www.chanvrel.com\/wp-content\/uploads\/2025\/11\/sac-seven-cabas-chanvre-cuir-femme-artisanat-francais-pratique-chic-boheme-6-225x300.jpg","datePublished":"2025-10-29T14:53:22+00:00","dateModified":"2025-12-04T16:49:42+00:00","description":"Historique de chanvrel depuis sa cr\u00e9ation","breadcrumb":{"@id":"https:\/\/www.chanvrel.com\/index.php\/historique\/#breadcrumb"},"inLanguage":"fr-FR","potentialAction":[{"@type":"ReadAction","target":["https:\/\/www.chanvrel.com\/index.php\/historique\/"]}]},{"@type":"ImageObject","inLanguage":"fr-FR","@id":"https:\/\/www.chanvrel.com\/index.php\/historique\/#primaryimage","url":"https:\/\/www.chanvrel.com\/wp-content\/uploads\/2025\/11\/sac-seven-cabas-chanvre-cuir-femme-artisanat-francais-pratique-chic-boheme-6-scaled.jpg","contentUrl":"https:\/\/www.chanvrel.com\/wp-content\/uploads\/2025\/11\/sac-seven-cabas-chanvre-cuir-femme-artisanat-francais-pratique-chic-boheme-6-scaled.jpg","width":1920,"height":2560,"caption":"Sac Seven marron"},{"@type":"BreadcrumbList","@id":"https:\/\/www.chanvrel.com\/index.php\/historique\/#breadcrumb","itemListElement":[{"@type":"ListItem","position":1,"name":"Accueil","item":"https:\/\/www.chanvrel.com\/"},{"@type":"ListItem","position":2,"name":"Historique"}]},{"@type":"WebSite","@id":"https:\/\/www.chanvrel.com\/#website","url":"https:\/\/www.chanvrel.com\/","name":"Chanvrel","description":"Chanvrel le chanvre et le cuir","potentialAction":[{"@type":"SearchAction","target":{"@type":"EntryPoint","urlTemplate":"https:\/\/www.chanvrel.com\/?s={search_term_string}"},"query-input":{"@type":"PropertyValueSpecification","valueRequired":true,"valueName":"search_term_string"}}],"inLanguage":"fr-FR"}]}},"_links":{"self":[{"href":"https:\/\/www.chanvrel.com\/index.php\/wp-json\/wp\/v2\/pages\/77","targetHints":{"allow":["GET"]}}],"collection":[{"href":"https:\/\/www.chanvrel.com\/index.php\/wp-json\/wp\/v2\/pages"}],"about":[{"href":"https:\/\/www.chanvrel.com\/index.php\/wp-json\/wp\/v2\/types\/page"}],"author":[{"embeddable":true,"href":"https:\/\/www.chanvrel.com\/index.php\/wp-json\/wp\/v2\/users\/1"}],"replies":[{"embeddable":true,"href":"https:\/\/www.chanvrel.com\/index.php\/wp-json\/wp\/v2\/comments?post=77"}],"version-history":[{"count":48,"href":"https:\/\/www.chanvrel.com\/index.php\/wp-json\/wp\/v2\/pages\/77\/revisions"}],"predecessor-version":[{"id":164,"href":"https:\/\/www.chanvrel.com\/index.php\/wp-json\/wp\/v2\/pages\/77\/revisions\/164"}],"wp:attachment":[{"href":"https:\/\/www.chanvrel.com\/index.php\/wp-json\/wp\/v2\/media?parent=77"}],"curies":[{"name":"wp","href":"https:\/\/api.w.org\/{rel}","templated":true}]}}